when 94938 is divided by 556?
418
What is the remainder when 1482655724 is divided by 75?
74
Calculate the remainder when 460830 is divided by 38336.
798
Calculate the remainder when 43683326 is divided by 102.
92
Calculate the remainder when 1142248 is divided by 23.
22
What is the remainder when 157218 is divided by 128?
34
Calculate the remainder when 2156082 is divided by 29.
19
What is the remainder when 2231305 is divided by 309?
16
Calculate the remainder when 214418 is divided by 222.
188
What is the remainder when 17592186 is divided by 24?
18
What is the remainder when 15138019 is divided by 449?
433
Calculate the remainder when 24610 is divided by 12256.
98
Calculate the remainder when 81477 is divided by 1996.
1637
What is the remainder when 766403 is divided by 766357?
46
What is the remainder when 245658900 is divided by 3787?
3784
What is the remainder when 1093692 is divided by 364472?
276
Calculate the remainder when 2187029 is divided by 204.
149
What is the remainder when 43956 is divided by 2315?
2286
What is the remainder when 1143129 is divided by 134?
109
Calculate the remainder when 628917 is divided by 1553.
1505
What is the remainder when 4609855 is divided by 1117?
1113
What is the remainder when 431633927 is divided by 1433?
1430
What is the remainder when 18835 is divided by 522?
43
What is the remainder when 85942 is divided by 83835?
2107
Calculate the remainder when 210053 is divided by 9124.
201
What is the remainder when 25797405 is divided by 2912?
2909
Calculate the remainder when 14935658 is divided by 1357784.
34
What is the remainder when 351270 is divided by 39025?
45
Calculate the remainder when 2944080 is divided by 1088.
1040
Calculate the remainder when 80386 is divided by 1125.
511
What is the remainder when 28771 is divided by 14087?
597
What is the remainder when 32256689 is divided by 212215?
9
What is the remainder when 5440497 is divided by 78?
75
Calculate the remainder when 720919 is divided by 35.
24
Calculate the remainder when 75410 is divided by 1748.
246
What is the remainder when 58966 is divided by 19122?
1600
What is the remainder when 1186107 is divided by 382?
379
What is the remainder when 16634 is divided by 16584?
50
Calculate the remainder when 8087852 is divided by 1516.
1508
Calculate the remainder when 404793855 is divided by 11.
4
What is the remainder when 655505 is divided by 11702?
193
What is the remainder when 1372979 is divided by 1921?
1385
What is the remainder when 425444 is divided by 759?
404
Calculate the remainder when 32462 is divided by 169.
14
What is the remainder when 47320687 is divided by 194?
13
Calculate the remainder when 3856140 is divided by 3310.
3300
Calculate the remainder when 22415 is divided by 7412.
179
Calculate the remainder when 362555 is divided by 1089.
1007
What is the remainder when 248342 is divided by 3726?
2426
Calculate the remainder when 2410646 is divided by 8995.
8981
What is the remainder when 974740 is divided by 974736?
4
What is the remainder when 312943 is divided by 318?
31
What is the remainder when 4194826 is divided by 1089?
1087
Calculate the remainder when 3315323 is divided by 9009.
11
What is the remainder when 558041123 is divided by 3631?
3626
What is the remainder when 5806781 is divided by 5806773?
8
What is the remainder when 902932 is divided by 17036?
24
What is the remainder when 8567569 is divided by 2310?
2089
Calculate the remainder when 73292 is divided by 15952.
9484
What is the remainder when 12928596 is divided by 1719?
1716
Calculate the remainder when 953030 is divided by 1132.
1018
Calculate the remainder when 48512 is divided by 48078.
434
What is the remainder when 4719897 is divided by 4062?
3915
Calculate the remainder when 15092 is divided by 181.
69
What is the remainder when 43649331 is divided by 13?
11
What is the remainder when 884674 is divided by 936?
154
Calculate the remainder when 226156 is divided by 226148.
8
What is the remainder when 17585027 is divided by 16621?
9
What is the remainder when 6115970 is divided by 259?
203
Calculate the remainder when 25064030 is divided by 2278545.
35
What is the remainder when 6399581 is divided by 1405?
1211
What is the remainder when 699392 is divided by 699362?
30
Calculate the remainder when 5529620 is divided by 71.
69
Calculate the remainder when 56059159 is divided by 1341.
1336
Calculate the remainder when 5058589 is divided by 32.
29
What is the remainder when 13908025 is divided by 702?
1
What is the remainder when 147562 is divided by 71838?
3886
Calculate the remainder when 48659 is divided by 1119.
542
Calculate the remainder when 553973 is divided by 194.
103
What is the remainder when 33029510 is divided by 111?
17
Calculate the remainder when 31788 is divided by 3088.
908
What is the remainder when 17285 is divided by 3215?
1210
Calculate the remainder when 40900273 is divided by 531.
529
What is the remainder when 77737 is divided by 38830?
77
Calculate the remainder when 250036208 is divided by 9.
8
What is the remainder when 534209197 is divided by 15112?
15109
Calculate the remainder when 559166 is divided by 1057.
13
Calculate the remainder when 1020940 is divided by 3898.
3562
Calculate the remainder when 688976 is divided by 98423.
15
Calculate the remainder when 32950477 is divided by 11.
10
What is the remainder when 2537013 is divided by 20296?
13
Calculate the remainder when 1820484 is divided by 910231.
22
Calculate the remainder when 8414760 is divided by 560982.
30
What is the remainder when 36123062 is divided by 55?
52
Calculate the remainder when 335104 is divided by 7786.
306
What is the remainder when 18140194 is divided by 1947?
1942
Calculate the remainder when 35303 is divided by 139.
136
Calculate the remainder when 3648910 is divided by 1359.
1354
Calculate the remainder when 42408825 is divided by 35.
25
Calculate the remainder when 25403270 is divided by 21.
11
Calculate the remainder when 114600 is divided by 2865.
0
Calculate the remainder when 28186 is divided by 9394.
4
What is the remainder when 187395 is divided by 75?
45
What is the remainder when 52115109 is divided by 24?
21
What is the remainder when 1112180 is divided by 222434?
10
Calculate the remainder when 68697 is divided by 1063.
665
Calculate the remainder when 4185448 is divided by 380488.
80
What is the remainder when 223616 is divided by 6209?
92
What is the remainder when 16486847 is divided by 1728?
1727
What is the remainder when 128545 is divided by 5586?
67
Calculate the remainder when 190454 is divided by 1665.
644
What is the remainder when 608516 is divided by 54?
44
Calculate the remainder when 247878 is divided by 1620.
18
What is the remainder when 723951 is divided by 1312?
1039
Calculate the remainder when 142635 is divided by 1058.
863
Calculate the remainder when 3911624 is divided by 2154.
2114
Calculate the remainder when 67868323 is divided by 21.
19
Calculate the remainder when 12581 is divided by 2072.
149
Calculate the remainder when 1407799 is divided by 703898.
3
What is the remainder when 10539514 is divided by 920?
914
What is the remainder when 272925 is divided by 292?
197
Calculate the remainder when 2450733 is divided by 5374.
189
What is the remainder when 589456 is divided by 229?
10
Calculate the remainder when 228447 is divided by 793.
63
What is the remainder when 64100 is divided by 10442?
1448
Calculate the remainder when 109376 is divided by 760.
696
Calculate the remainder when 449413 is divided by 49934.
7
What is the remainder when 69788262 is divided by 26?
24
What is the remainder when 32813 is divided by 7530?
2693
What is the remainder when 2197450 is divided by 101?
94
What is the remainder when 55880 is divided by 13682?
1152
What is the remainder when 1367273 is divided by 121?
94
What is the remainder when 4173476 is divided by 670?
46
What is the remainder when 47247596 is divided by 1045?
11
Calculate the remainder when 790257 is divided by 60776.
169
What is the remainder when 251618789 is divided by 841?
840
Calculate the remainder when 54106 is divided by 101.
71
What is the remainder when 77450 is divided by 25187?
1889
Calculate the remainder when 374742 is divided by 509.
11